{"id":587,"date":"2022-03-27T09:55:49","date_gmt":"2022-03-27T07:55:49","guid":{"rendered":"https:\/\/ulihoehmann.de\/?page_id=587"},"modified":"2025-07-23T11:43:04","modified_gmt":"2025-07-23T09:43:04","slug":"serien-rubriken","status":"publish","type":"page","link":"https:\/\/ulihoehmann.de\/index.php\/serien-rubriken\/","title":{"rendered":"Radio"},"content":{"rendered":"<p>[vc_row padding_top_multiplier=&#8220;&#8220;][vc_column css=&#8220;.vc_custom_1556172680834{margin-top: 18px !important;}&#8220;][vc_column_text]<\/p>\r\n<blockquote class=\"wp-block-quote is-layout-flow wp-block-quote-is-layout-flow\">\r\n<p>Stimme, Sounds und Stimmungen &#8211; damit zu spielen, macht einfach absurd viel Spa\u00df! Seit 2001 entwickelte, schrieb und produzierte ich \u00fcber drei\u00dfig Satire-, Glossen-, Sketch- und Comedy-Serien und Rubriken f\u00fcr die unterschiedlichsten Radiowellen von hr, BR, WDR, NDR und Deutschlandradio und tue es immer noch. Hier eine kleine Auswahl.<\/p>\r\n<\/blockquote>\r\n<p>[\/vc_column_text]<div class=\"eut-empty-space eut-height-1x\" style=\"\"><\/div><div class=\"eut-element eut-divider eut-animated-item eut-fade-in eut-duration-normal eut-align-center\" style=\"\" data-delay=\"200\"><span class=\"eut-custom-divider eut-bg-primary-1\" style=\"width: 100%;height: 2px;\"><\/span><\/div>[\/vc_column][\/vc_row][vc_row][vc_column width=&#8220;1\/3&#8243; mobile_width=&#8220;hide&#8220;][\/vc_column][vc_column width=&#8220;2\/3&#8243;][vc_column_text]<\/p>\r\n<h3 style=\"color: #0075b8;\">Ende der Welt<\/h3>\r\n<p><span style=\"color: #333333;\"><a style=\"color: #333333;\" href=\"https:\/\/www.ardaudiothek.de\/sendung\/ende-der-welt-die-taegliche-glosse\/urn:ard:show:323cb4482a4fac8c\/\" target=\"_blank\" rel=\"noopener\"><em>t\u00e4gliche Glosse von wechselnden Autor*innen, Bayern 2 Radiowelt<\/em><\/a><\/span><\/p>\r\n<h5 style=\"color: #ffd400;\">Ist das Hobby oder kann das weg? &#8211; 11.06.2025<\/h5>\r\n<h5 style=\"color: #ffd400;\"><img loading=\"lazy\" decoding=\"async\" class=\"aligncenter wp-image-1381 size-full\" style=\"font-size: 16px; color: #ffffff;\" src=\"https:\/\/ulihoehmann.de\/wp-content\/uploads\/BR2-EdW-Podcast-Screenshot-Streifen-1920x399-1.png\" alt=\"\" width=\"1920\" height=\"399\" srcset=\"https:\/\/ulihoehmann.de\/wp-content\/uploads\/BR2-EdW-Podcast-Screenshot-Streifen-1920x399-1.png 1920w, https:\/\/ulihoehmann.de\/wp-content\/uploads\/BR2-EdW-Podcast-Screenshot-Streifen-1920x399-1-300x62.png 300w, https:\/\/ulihoehmann.de\/wp-content\/uploads\/BR2-EdW-Podcast-Screenshot-Streifen-1920x399-1-1024x213.png 1024w, https:\/\/ulihoehmann.de\/wp-content\/uploads\/BR2-EdW-Podcast-Screenshot-Streifen-1920x399-1-768x160.png 768w, https:\/\/ulihoehmann.de\/wp-content\/uploads\/BR2-EdW-Podcast-Screenshot-Streifen-1920x399-1-1536x319.png 1536w\" sizes=\"(max-width: 1920px) 100vw, 1920px\" \/><\/h5>\r\n<!--[if lt IE 9]><script>document.createElement('audio');<\/script><![endif]-->\n<audio class=\"wp-audio-shortcode\" id=\"audio-587-1\" preload=\"none\" style=\"width: 100%;\" controls=\"controls\"><source type=\"audio\/mpeg\" src=\"https:\/\/ulihoehmann.de\/wp-content\/uploads\/EdW-Hobby-oder-kann-das-weg.mp3?_=1\" \/><a href=\"https:\/\/ulihoehmann.de\/wp-content\/uploads\/EdW-Hobby-oder-kann-das-weg.mp3\">https:\/\/ulihoehmann.de\/wp-content\/uploads\/EdW-Hobby-oder-kann-das-weg.mp3<\/a><\/audio>\r\n<h5 style=\"color: #ffd400;\"><span style=\"color: #ffffff;\">\u2013<\/span><\/h5>\r\n<h5 style=\"color: #ffd400;\">Hemden in der Hei\u00dfluftfritteuse &#8211; 11.11.2024<\/h5>\r\n<h5 style=\"color: #ffd400;\"><img loading=\"lazy\" decoding=\"async\" class=\"aligncenter wp-image-1381 size-full\" style=\"font-size: 16px; color: #ffffff;\" src=\"https:\/\/ulihoehmann.de\/wp-content\/uploads\/BR2-EdW-Podcast-Screenshot-Streifen-1920x399-1.png\" alt=\"\" width=\"1920\" height=\"399\" srcset=\"https:\/\/ulihoehmann.de\/wp-content\/uploads\/BR2-EdW-Podcast-Screenshot-Streifen-1920x399-1.png 1920w, https:\/\/ulihoehmann.de\/wp-content\/uploads\/BR2-EdW-Podcast-Screenshot-Streifen-1920x399-1-300x62.png 300w, https:\/\/ulihoehmann.de\/wp-content\/uploads\/BR2-EdW-Podcast-Screenshot-Streifen-1920x399-1-1024x213.png 1024w, https:\/\/ulihoehmann.de\/wp-content\/uploads\/BR2-EdW-Podcast-Screenshot-Streifen-1920x399-1-768x160.png 768w, https:\/\/ulihoehmann.de\/wp-content\/uploads\/BR2-EdW-Podcast-Screenshot-Streifen-1920x399-1-1536x319.png 1536w\" sizes=\"(max-width: 1920px) 100vw, 1920px\" \/><\/h5>\r\n<audio class=\"wp-audio-shortcode\" id=\"audio-587-2\" preload=\"none\" style=\"width: 100%;\" controls=\"controls\"><source type=\"audio\/mpeg\" src=\"https:\/\/ulihoehmann.de\/wp-content\/uploads\/EdW-Hemden-in-der-Heissluftfritoese.mp3?_=2\" \/><a href=\"https:\/\/ulihoehmann.de\/wp-content\/uploads\/EdW-Hemden-in-der-Heissluftfritoese.mp3\">https:\/\/ulihoehmann.de\/wp-content\/uploads\/EdW-Hemden-in-der-Heissluftfritoese.mp3<\/a><\/audio>\r\n<h5 style=\"color: #ffd400;\"><span style=\"color: #ffffff;\">\u2013<\/span><\/h5>\r\n<h5 style=\"color: #ffd400;\">Allerseelen &#8211; spirituelles Greenwashing &#8211; 2.11.2023<\/h5>\r\n<h5 style=\"color: #ffd400;\"><img loading=\"lazy\" decoding=\"async\" class=\"aligncenter wp-image-1381 size-full\" style=\"font-size: 16px; color: #ffffff;\" src=\"https:\/\/ulihoehmann.de\/wp-content\/uploads\/BR2-EdW-Podcast-Screenshot-Streifen-1920x399-1.png\" alt=\"\" width=\"1920\" height=\"399\" srcset=\"https:\/\/ulihoehmann.de\/wp-content\/uploads\/BR2-EdW-Podcast-Screenshot-Streifen-1920x399-1.png 1920w, https:\/\/ulihoehmann.de\/wp-content\/uploads\/BR2-EdW-Podcast-Screenshot-Streifen-1920x399-1-300x62.png 300w, https:\/\/ulihoehmann.de\/wp-content\/uploads\/BR2-EdW-Podcast-Screenshot-Streifen-1920x399-1-1024x213.png 1024w, https:\/\/ulihoehmann.de\/wp-content\/uploads\/BR2-EdW-Podcast-Screenshot-Streifen-1920x399-1-768x160.png 768w, https:\/\/ulihoehmann.de\/wp-content\/uploads\/BR2-EdW-Podcast-Screenshot-Streifen-1920x399-1-1536x319.png 1536w\" sizes=\"(max-width: 1920px) 100vw, 1920px\" \/><\/h5>\r\n<audio class=\"wp-audio-shortcode\" id=\"audio-587-3\" preload=\"none\" style=\"width: 100%;\" controls=\"controls\"><source type=\"audio\/mpeg\" src=\"https:\/\/ulihoehmann.de\/wp-content\/uploads\/EdW-Allerseelen-spirituelles-Greenwashing.mp3?_=3\" \/><a href=\"https:\/\/ulihoehmann.de\/wp-content\/uploads\/EdW-Allerseelen-spirituelles-Greenwashing.mp3\">https:\/\/ulihoehmann.de\/wp-content\/uploads\/EdW-Allerseelen-spirituelles-Greenwashing.mp3<\/a><\/audio>\r\n<p><span style=\"color: #ffffff;\">\u2013<\/span><\/p>\r\n<p>[\/vc_column_text][\/vc_column][\/vc_row][vc_row][vc_column width=&#8220;2\/3&#8243; text_align=&#8220;center&#8220;]<div class=\"eut-element eut-divider eut-animated-item eut-fade-in eut-duration-normal eut-align-center\" style=\"\" data-delay=\"200\"><span class=\"eut-custom-divider eut-bg-primary-1\" style=\"width: 100%;height: 2px;\"><\/span><\/div>[\/vc_column][vc_column width=&#8220;1\/3&#8243; mobile_width=&#8220;hide&#8220;][\/vc_column][\/vc_row][vc_row padding_top_multiplier=&#8220;&#8220;][vc_column width=&#8220;2\/3&#8243;][vc_column_text]<\/p>\r\n<h3 style=\"color: #0075b8;\">\u201eDer perfekte Tag\u201c<\/h3>\r\n<p><em>111 Episoden, Cosmo 2019-2021<\/em><\/p>\r\n<h5 style=\"color: #ffd400;\">Der perfekte Tag\u00a0von Xavier Naidoo<\/h5>\r\n<p style=\"margin-bottom: -32px;\"><img loading=\"lazy\" decoding=\"async\" class=\"aligncenter size-full\" src=\"https:\/\/ulihoehmann.de\/wp-content\/uploads\/COSMO_WDR_Podcast_Rahmen_PeTa_Naidoo.jpg\" alt=\"\" width=\"1920\" height=\"400\" \/><\/p>\r\n<audio class=\"wp-audio-shortcode\" id=\"audio-587-4\" preload=\"none\" style=\"width: 100%;\" controls=\"controls\"><source type=\"audio\/mpeg\" src=\"https:\/\/ulihoehmann.de\/wp-content\/uploads\/PeTa-20-05-15-Naidoo.mp3?_=4\" \/><a href=\"https:\/\/ulihoehmann.de\/wp-content\/uploads\/PeTa-20-05-15-Naidoo.mp3\">https:\/\/ulihoehmann.de\/wp-content\/uploads\/PeTa-20-05-15-Naidoo.mp3<\/a><\/audio>\r\n<h5 style=\"color: #ffd400;\"><span style=\"color: #ffffff;\">\u2013<\/span><br \/>Der perfekte Tag von Alexander Lukaschenko<\/h5>\r\n<p style=\"margin-bottom: -32px;\"><img loading=\"lazy\" decoding=\"async\" class=\"aligncenter size-full\" src=\"https:\/\/ulihoehmann.de\/wp-content\/uploads\/COSMO_WDR_Podcast_Rahmen_PeTa_Lukaschenko.jpg\" alt=\"\" width=\"1920\" height=\"400\" \/><\/p>\r\n<audio class=\"wp-audio-shortcode\" id=\"audio-587-5\" preload=\"none\" style=\"width: 100%;\" controls=\"controls\"><source type=\"audio\/mpeg\" src=\"https:\/\/ulihoehmann.de\/wp-content\/uploads\/PeTa-21-05-28-Lukaschenko.mp3?_=5\" \/><a href=\"https:\/\/ulihoehmann.de\/wp-content\/uploads\/PeTa-21-05-28-Lukaschenko.mp3\">https:\/\/ulihoehmann.de\/wp-content\/uploads\/PeTa-21-05-28-Lukaschenko.mp3<\/a><\/audio>\r\n<h5 style=\"color: #ffd400;\"><span style=\"color: #ffffff;\">\u2013<\/span><br \/>Der perfekte Tag von Karl Lauterbach<\/h5>\r\n<p style=\"margin-bottom: -32px;\"><img loading=\"lazy\" decoding=\"async\" class=\"aligncenter size-full\" src=\"https:\/\/ulihoehmann.de\/wp-content\/uploads\/COSMO_WDR_Podcast_Rahmen_PeTa_Lauterbach.jpg\" alt=\"\" width=\"1920\" height=\"400\" \/><\/p>\r\n<audio class=\"wp-audio-shortcode\" id=\"audio-587-6\" preload=\"none\" style=\"width: 100%;\" controls=\"controls\"><source type=\"audio\/mpeg\" src=\"https:\/\/ulihoehmann.de\/wp-content\/uploads\/PeTa-21-12-17-Lauterbach.mp3?_=6\" \/><a href=\"https:\/\/ulihoehmann.de\/wp-content\/uploads\/PeTa-21-12-17-Lauterbach.mp3\">https:\/\/ulihoehmann.de\/wp-content\/uploads\/PeTa-21-12-17-Lauterbach.mp3<\/a><\/audio>\r\n<p><span style=\"color: #ffffff;\">\u2013<\/span><\/p>\r\n<p>[\/vc_column_text][\/vc_column][vc_column width=&#8220;1\/3&#8243; mobile_width=&#8220;hide&#8220;][\/vc_column][\/vc_row][vc_row][vc_column width=&#8220;1\/3&#8243; mobile_width=&#8220;hide&#8220;][\/vc_column][vc_column width=&#8220;2\/3&#8243; text_align=&#8220;center&#8220;]<div class=\"eut-element eut-divider eut-animated-item eut-fade-in eut-duration-normal eut-align-center\" style=\"\" data-delay=\"200\"><span class=\"eut-custom-divider eut-bg-primary-1\" style=\"width: 100%;height: 2px;\"><\/span><\/div>[\/vc_column][\/vc_row][vc_row][vc_column width=&#8220;1\/3&#8243; mobile_width=&#8220;hide&#8220;][\/vc_column][vc_column width=&#8220;2\/3&#8243;][vc_column_text]<\/p>\r\n<h3 style=\"color: #0075b8;\">\u201eDeine Werbung \u2013 nur f\u00fcr dich\u201c<\/h3>\r\n<p><em>79 Episoden, Cosmo 2018-2019<\/em><\/p>\r\n<h5 style=\"color: #ffd400;\">\u201eDeine Werbung\u201c f\u00fcr Theresa May<\/h5>\r\n<p style=\"margin-bottom: -32px;\"><img loading=\"lazy\" decoding=\"async\" class=\"aligncenter size-full\" src=\"https:\/\/ulihoehmann.de\/wp-content\/uploads\/COSMO_WDR_Podcast_Rahmen_DeWe_May.jpg\" alt=\"\" width=\"1920\" height=\"400\" \/><\/p>\r\n<audio class=\"wp-audio-shortcode\" id=\"audio-587-7\" preload=\"none\" style=\"width: 100%;\" controls=\"controls\"><source type=\"audio\/mpeg\" src=\"https:\/\/ulihoehmann.de\/wp-content\/uploads\/Deine-Werbung-19-03-18-May.mp3?_=7\" \/><a href=\"https:\/\/ulihoehmann.de\/wp-content\/uploads\/Deine-Werbung-19-03-18-May.mp3\">https:\/\/ulihoehmann.de\/wp-content\/uploads\/Deine-Werbung-19-03-18-May.mp3<\/a><\/audio>\r\n<h5 style=\"color: #ffd400;\"><span style=\"color: #ffffff;\">\u2013<\/span><br \/>\u201eDeine Werbung\u201c f\u00fcr Jogi L\u00f6w<\/h5>\r\n<p style=\"margin-bottom: -32px;\"><img loading=\"lazy\" decoding=\"async\" class=\"aligncenter size-full\" src=\"https:\/\/ulihoehmann.de\/wp-content\/uploads\/COSMO_WDR_Podcast_Rahmen_DeWe_Loew.jpg\" alt=\"\" width=\"1920\" height=\"400\" \/><\/p>\r\n<audio class=\"wp-audio-shortcode\" id=\"audio-587-8\" preload=\"none\" style=\"width: 100%;\" controls=\"controls\"><source type=\"audio\/mpeg\" src=\"https:\/\/ulihoehmann.de\/wp-content\/uploads\/Deine-Werbung-18-06-11-Loew.mp3?_=8\" \/><a href=\"https:\/\/ulihoehmann.de\/wp-content\/uploads\/Deine-Werbung-18-06-11-Loew.mp3\">https:\/\/ulihoehmann.de\/wp-content\/uploads\/Deine-Werbung-18-06-11-Loew.mp3<\/a><\/audio>\r\n<h5 style=\"color: #ffd400;\"><span style=\"color: #ffffff;\">\u2013<\/span><br \/>\u201eDeine Werbung\u201c f\u00fcr Andreas Scheuer<\/h5>\r\n<p style=\"margin-bottom: -32px;\"><img loading=\"lazy\" decoding=\"async\" class=\"aligncenter size-full\" src=\"https:\/\/ulihoehmann.de\/wp-content\/uploads\/COSMO_WDR_Podcast_Rahmen_DeWe_Scheuer.jpg\" alt=\"\" width=\"1920\" height=\"400\" \/><\/p>\r\n<audio class=\"wp-audio-shortcode\" id=\"audio-587-9\" preload=\"none\" style=\"width: 100%;\" controls=\"controls\"><source type=\"audio\/mpeg\" src=\"https:\/\/ulihoehmann.de\/wp-content\/uploads\/Deine-Werbung-18-10-01-Scheuer.mp3?_=9\" \/><a href=\"https:\/\/ulihoehmann.de\/wp-content\/uploads\/Deine-Werbung-18-10-01-Scheuer.mp3\">https:\/\/ulihoehmann.de\/wp-content\/uploads\/Deine-Werbung-18-10-01-Scheuer.mp3<\/a><\/audio>\r\n<p><span style=\"color: #ffffff;\">\u2013<\/span><\/p>\r\n<p>[\/vc_column_text][\/vc_column][\/vc_row][vc_row][vc_column width=&#8220;2\/3&#8243; text_align=&#8220;center&#8220;]<div class=\"eut-element eut-divider eut-animated-item eut-fade-in eut-duration-normal eut-align-center\" style=\"\" data-delay=\"200\"><span class=\"eut-custom-divider eut-bg-primary-1\" style=\"width: 100%;height: 2px;\"><\/span><\/div>[\/vc_column][vc_column width=&#8220;1\/3&#8243; mobile_width=&#8220;hide&#8220;][\/vc_column][\/vc_row][vc_row][vc_column width=&#8220;2\/3&#8243;][vc_column_text]<\/p>\r\n<h3 style=\"color: #0075b8;\">\u201eDie Angst und ich \u2013 satirische Geschichten\u201c<\/h3>\r\n<p><em>12 Episoden, WDR3 2017<\/em><\/p>\r\n<h5 style=\"color: #ffd400;\">Die Angst und ich \u2013 Terror<\/h5>\r\n<p style=\"margin-bottom: -32px;\"><img loading=\"lazy\" decoding=\"async\" class=\"aligncenter size-full\" src=\"https:\/\/ulihoehmann.de\/wp-content\/uploads\/Kultur_am_Mittag_WDR3_Podcast_Angst_02.jpg\" alt=\"\" width=\"1920\" height=\"400\" \/><\/p>\r\n<audio class=\"wp-audio-shortcode\" id=\"audio-587-10\" preload=\"none\" style=\"width: 100%;\" controls=\"controls\"><source type=\"audio\/mpeg\" src=\"https:\/\/ulihoehmann.de\/wp-content\/uploads\/Angst-und-ich-02-Terror.mp3?_=10\" \/><a href=\"https:\/\/ulihoehmann.de\/wp-content\/uploads\/Angst-und-ich-02-Terror.mp3\">https:\/\/ulihoehmann.de\/wp-content\/uploads\/Angst-und-ich-02-Terror.mp3<\/a><\/audio>\r\n<h5 style=\"color: #ffd400;\"><span style=\"color: #ffffff;\">\u2013<\/span><br \/>Die Angst und ich \u2013 Luftverschmutzung<\/h5>\r\n<p style=\"margin-bottom: -32px;\"><img loading=\"lazy\" decoding=\"async\" class=\"aligncenter size-full\" src=\"https:\/\/ulihoehmann.de\/wp-content\/uploads\/Kultur_am_Mittag_WDR3_Podcast_Angst_06.jpg\" alt=\"\" width=\"1920\" height=\"400\" \/><\/p>\r\n<audio class=\"wp-audio-shortcode\" id=\"audio-587-11\" preload=\"none\" style=\"width: 100%;\" controls=\"controls\"><source type=\"audio\/mpeg\" src=\"https:\/\/ulihoehmann.de\/wp-content\/uploads\/Angst-und-ich-06-Luftverschmutzung.mp3?_=11\" \/><a href=\"https:\/\/ulihoehmann.de\/wp-content\/uploads\/Angst-und-ich-06-Luftverschmutzung.mp3\">https:\/\/ulihoehmann.de\/wp-content\/uploads\/Angst-und-ich-06-Luftverschmutzung.mp3<\/a><\/audio>\r\n<h5 style=\"color: #ffd400;\"><span style=\"color: #ffffff;\">\u2013<\/span><br \/>Die Angst und ich \u2013 Atomkrieg<\/h5>\r\n<p style=\"margin-bottom: -32px;\"><img loading=\"lazy\" decoding=\"async\" class=\"aligncenter size-full\" src=\"https:\/\/ulihoehmann.de\/wp-content\/uploads\/Kultur_am_Mittag_WDR3_Podcast_Angst_07.jpg\" alt=\"\" width=\"1920\" height=\"400\" \/><\/p>\r\n<audio class=\"wp-audio-shortcode\" id=\"audio-587-12\" preload=\"none\" style=\"width: 100%;\" controls=\"controls\"><source type=\"audio\/mpeg\" src=\"https:\/\/ulihoehmann.de\/wp-content\/uploads\/Angst-und-ich-07-Atomkrieg.mp3?_=12\" \/><a href=\"https:\/\/ulihoehmann.de\/wp-content\/uploads\/Angst-und-ich-07-Atomkrieg.mp3\">https:\/\/ulihoehmann.de\/wp-content\/uploads\/Angst-und-ich-07-Atomkrieg.mp3<\/a><\/audio>\r\n<p><span style=\"color: #ffffff;\">\u2013<\/span><\/p>\r\n<p>[\/vc_column_text][\/vc_column][vc_column width=&#8220;1\/3&#8243; mobile_width=&#8220;hide&#8220;][\/vc_column][\/vc_row]<\/p>","protected":false},"excerpt":{"rendered":"<p>[vc_row padding_top_multiplier=&#8220;&#8220;][vc_column css=&#8220;.vc_custom_1556172680834{margin-top: 18px !important;}&#8220;][vc_column_text] Stimme, Sounds und Stimmungen &#8211; damit zu spielen, macht einfach absurd viel Spa\u00df! Seit 2001 entwickelte, schrieb und produzierte ich \u00fcber drei\u00dfig Satire-, Glossen-, Sketch- und Comedy-Serien und Rubriken f\u00fcr die unterschiedlichsten Radiowellen von hr, BR, WDR, NDR und Deutschlandradio und tue es immer noch. Hier eine kleine Auswahl. [\/vc_column_text][\/vc_column][\/vc_row][vc_row][vc_column [&hellip;]<\/p>\n","protected":false},"author":1,"featured_media":0,"parent":0,"menu_order":4,"comment_status":"closed","ping_status":"closed","template":"","meta":{"footnotes":""},"_links":{"self":[{"href":"https:\/\/ulihoehmann.de\/index.php\/wp-json\/wp\/v2\/pages\/587"}],"collection":[{"href":"https:\/\/ulihoehmann.de\/index.php\/wp-json\/wp\/v2\/pages"}],"about":[{"href":"https:\/\/ulihoehmann.de\/index.php\/wp-json\/wp\/v2\/types\/page"}],"author":[{"embeddable":true,"href":"https:\/\/ulihoehmann.de\/index.php\/wp-json\/wp\/v2\/users\/1"}],"replies":[{"embeddable":true,"href":"https:\/\/ulihoehmann.de\/index.php\/wp-json\/wp\/v2\/comments?post=587"}],"version-history":[{"count":10,"href":"https:\/\/ulihoehmann.de\/index.php\/wp-json\/wp\/v2\/pages\/587\/revisions"}],"predecessor-version":[{"id":1405,"href":"https:\/\/ulihoehmann.de\/index.php\/wp-json\/wp\/v2\/pages\/587\/revisions\/1405"}],"wp:attachment":[{"href":"https:\/\/ulihoehmann.de\/index.php\/wp-json\/wp\/v2\/media?parent=587"}],"curies":[{"name":"wp","href":"https:\/\/api.w.org\/{rel}","templated":true}]}}